{"id":212,"date":"2025-10-01T22:16:26","date_gmt":"2025-10-01T22:16:26","guid":{"rendered":"https:\/\/mendoza.companiademaria.edu.ar\/?page_id=212"},"modified":"2025-12-22T13:02:30","modified_gmt":"2025-12-22T13:02:30","slug":"solicitudes-de-vacancia","status":"publish","type":"page","link":"https:\/\/mendoza.companiademaria.edu.ar\/?page_id=212","title":{"rendered":"Solicitud de vacante"},"content":{"rendered":"\n<p>\u00a1Te invitamos a ser parte de la familia Compa\u00f1\u00eda de Mar\u00eda! A continuaci\u00f3n compartimos los formularios de solicitud de vacante:<\/p>\n\n\n\n<p><\/p>\n\n\n\n<p><\/p>\n\n\n\n<div class=\"wp-block-buttons is-content-justification-center is-layout-flex wp-container-core-buttons-is-layout-a89b3969 wp-block-buttons-is-layout-flex\">\n<div class=\"wp-block-button\"><a class=\"wp-block-button__link has-background wp-element-button\" href=\"https:\/\/docs.google.com\/forms\/d\/e\/1FAIpQLSduyTrkhb42vrP_-4J-dTjtdExiC92alzQ4JeQ_69lfOdGTBA\/viewform?fbclid=PAZXh0bgNhZW0CMTEAAac_KdlExSfJcWdPkTFQ96kGy7f-m2eaACRZyk_kuQ1ruXezK-8ZQ0Rn9beJ1Q_aem_mkyswD1SiMAeYk79TIJX4A\" style=\"background-color:#00338d\" target=\"_blank\" rel=\"noreferrer noopener\">Nivel Inicial<\/a><\/div>\n\n\n\n<div class=\"wp-block-button\"><a class=\"wp-block-button__link has-background wp-element-button\" href=\"https:\/\/docs.google.com\/forms\/d\/e\/1FAIpQLSfEUe-Dgd_d1RDbgJ7ap5cnaEumLr6e8vXc-vs-HIgnKY98yg\/viewform?fbclid=IwY2xjawNKhhJleHRuA2FlbQIxMABicmlkETFidWRVUm5DcGRTemtYY0NjAR73hPDUrCKfmeIJGZHOT_RmsBHgqzpOO47s7Zb4qtOVr-PEwPv_jaGZUzszUQ_aem_NMosev4IIdErAmG4J2z4_w\" style=\"background-color:#00338d\" target=\"_blank\" rel=\"noreferrer noopener\">Nivel Primario<\/a><\/div>\n\n\n\n<div class=\"wp-block-button\"><a class=\"wp-block-button__link has-background wp-element-button\" href=\"https:\/\/docs.google.com\/forms\/d\/e\/1FAIpQLSf43uQ8r38bFkSTnajLZd1b6neqLkpNqnSLZKiAJB6ahLvGNw\/viewform\" style=\"background-color:#00338d\" target=\"_blank\" rel=\"noreferrer noopener\">Nivel Secundario<\/a><\/div>\n<\/div>\n\n\n\n<p><\/p>\n\n\n\n<p class=\"has-text-align-center\"><strong>\u00a1Nuevo!<\/strong><\/p>\n\n\n\n<p><\/p>\n\n\n\n<div class=\"wp-block-buttons is-content-justification-center is-layout-flex wp-container-core-buttons-is-layout-a89b3969 wp-block-buttons-is-layout-flex\">\n<div class=\"wp-block-button\"><a class=\"wp-block-button__link has-white-color has-text-color has-background has-link-color wp-element-button\" href=\"https:\/\/docs.google.com\/forms\/d\/e\/1FAIpQLSe2xBKApVtvfp7ex48xW2FXJjz5xLP99BjWfzd-lLvKwlkpKw\/viewform?usp=publish-editor\" style=\"background-color:#00338d\">Sala de 3<\/a><\/div>\n<\/div>\n\n\n\n<p><\/p>\n\n\n\n<p><em>*Observaci\u00f3n: el llenado de formulario no garantiza la disponibilidad&nbsp;de&nbsp;vacante.<\/em><\/p>\n","protected":false},"excerpt":{"rendered":"<p>\u00a1Te invitamos a ser parte de la familia Compa\u00f1\u00eda de Mar\u00eda! A continuaci\u00f3n compartimos los formularios de solicitud de vacante: \u00a1Nuevo! *Observaci\u00f3n: el llenado de formulario no garantiza la disponibilidad&nbsp;de&nbsp;vacante.<\/p>\n","protected":false},"author":1,"featured_media":213,"parent":0,"menu_order":0,"comment_status":"closed","ping_status":"closed","template":"","meta":{"footnotes":""},"class_list":["post-212","page","type-page","status-publish","has-post-thumbnail","hentry"],"_links":{"self":[{"href":"https:\/\/mendoza.companiademaria.edu.ar\/index.php?rest_route=\/wp\/v2\/pages\/212","targetHints":{"allow":["GET"]}}],"collection":[{"href":"https:\/\/mendoza.companiademaria.edu.ar\/index.php?rest_route=\/wp\/v2\/pages"}],"about":[{"href":"https:\/\/mendoza.companiademaria.edu.ar\/index.php?rest_route=\/wp\/v2\/types\/page"}],"author":[{"embeddable":true,"href":"https:\/\/mendoza.companiademaria.edu.ar\/index.php?rest_route=\/wp\/v2\/users\/1"}],"replies":[{"embeddable":true,"href":"https:\/\/mendoza.companiademaria.edu.ar\/index.php?rest_route=%2Fwp%2Fv2%2Fcomments&post=212"}],"version-history":[{"count":9,"href":"https:\/\/mendoza.companiademaria.edu.ar\/index.php?rest_route=\/wp\/v2\/pages\/212\/revisions"}],"predecessor-version":[{"id":244,"href":"https:\/\/mendoza.companiademaria.edu.ar\/index.php?rest_route=\/wp\/v2\/pages\/212\/revisions\/244"}],"wp:featuredmedia":[{"embeddable":true,"href":"https:\/\/mendoza.companiademaria.edu.ar\/index.php?rest_route=\/wp\/v2\/media\/213"}],"wp:attachment":[{"href":"https:\/\/mendoza.companiademaria.edu.ar\/index.php?rest_route=%2Fwp%2Fv2%2Fmedia&parent=212"}],"curies":[{"name":"wp","href":"https:\/\/api.w.org\/{rel}","templated":true}]}}